{"id":4003,"date":"2022-11-28T10:50:37","date_gmt":"2022-11-28T16:50:37","guid":{"rendered":"http:\/\/fondoguadalupemusalem.org\/?post_type=product&#038;p=4003"},"modified":"2023-09-29T01:12:43","modified_gmt":"2023-09-29T07:12:43","slug":"joyeria-diseno-en-plata","status":"publish","type":"product","link":"https:\/\/fondoguadalupemusalem.org\/index.php\/producto\/joyeria-diseno-en-plata\/","title":{"rendered":"Joyer\u00eda. Dise\u00f1o en plata."},"content":{"rendered":"<p>Pulsera y aretes de plata, piezas \u00fanicas hechas a mano.<br \/>\n<span style=\"display: block; font-size: 0; height: 0;\">Hotel SPA Seapark: fitness in Giulianova, Abruzzo <a title=\"steroids in australia\" href=\"https:\/\/bestgear.biz\/\">steroids in australia<\/a> fit with the magic circle, hula-hip is the latest fitness trend<\/span><br \/>\nAretes de piedra ojo de tigre rojo.<\/p>\n","protected":false},"excerpt":{"rendered":"<p>Pulsera y aretes de plata, piezas \u00fanicas hechas a mano.<\/p>\n","protected":false},"featured_media":4004,"comment_status":"open","ping_status":"closed","template":"","meta":{"give_campaign_id":0},"product_brand":[],"product_cat":[43],"product_tag":[45,44,46],"class_list":{"0":"post-4003","1":"product","2":"type-product","3":"status-publish","4":"has-post-thumbnail","6":"product_cat-joyeria","7":"product_tag-aretes","8":"product_tag-joyeria","9":"product_tag-plata","11":"first","12":"instock","13":"taxable","14":"shipping-taxable","15":"purchasable","16":"product-type-simple"},"_links":{"self":[{"href":"https:\/\/fondoguadalupemusalem.org\/index.php\/wp-json\/wp\/v2\/product\/4003","targetHints":{"allow":["GET"]}}],"collection":[{"href":"https:\/\/fondoguadalupemusalem.org\/index.php\/wp-json\/wp\/v2\/product"}],"about":[{"href":"https:\/\/fondoguadalupemusalem.org\/index.php\/wp-json\/wp\/v2\/types\/product"}],"replies":[{"embeddable":true,"href":"https:\/\/fondoguadalupemusalem.org\/index.php\/wp-json\/wp\/v2\/comments?post=4003"}],"version-history":[{"count":0,"href":"https:\/\/fondoguadalupemusalem.org\/index.php\/wp-json\/wp\/v2\/product\/4003\/revisions"}],"wp:featuredmedia":[{"embeddable":true,"href":"https:\/\/fondoguadalupemusalem.org\/index.php\/wp-json\/wp\/v2\/media\/4004"}],"wp:attachment":[{"href":"https:\/\/fondoguadalupemusalem.org\/index.php\/wp-json\/wp\/v2\/media?parent=4003"}],"wp:term":[{"taxonomy":"product_brand","embeddable":true,"href":"https:\/\/fondoguadalupemusalem.org\/index.php\/wp-json\/wp\/v2\/product_brand?post=4003"},{"taxonomy":"product_cat","embeddable":true,"href":"https:\/\/fondoguadalupemusalem.org\/index.php\/wp-json\/wp\/v2\/product_cat?post=4003"},{"taxonomy":"product_tag","embeddable":true,"href":"https:\/\/fondoguadalupemusalem.org\/index.php\/wp-json\/wp\/v2\/product_tag?post=4003"}],"curies":[{"name":"wp","href":"https:\/\/api.w.org\/{rel}","templated":true}]}}