{"id":3748,"date":"2022-11-10T17:49:09","date_gmt":"2022-11-10T23:49:09","guid":{"rendered":"http:\/\/fondoguadalupemusalem.org\/?page_id=3748"},"modified":"2026-01-27T13:00:59","modified_gmt":"2026-01-27T19:00:59","slug":"alianzas","status":"publish","type":"page","link":"https:\/\/fondoguadalupemusalem.org\/index.php\/alianzas\/","title":{"rendered":"Alianzas"},"content":{"rendered":"\t\t<div data-elementor-type=\"wp-post\" data-elementor-id=\"3748\" class=\"elementor elementor-3748\" data-elementor-post-type=\"page\">\n\t\t\t\t\t\t<section class=\"elementor-section elementor-top-section elementor-element elementor-element-af9f7c7 elementor-section-content-middle elementor-section-boxed elementor-section-height-default elementor-section-height-default\" data-id=\"af9f7c7\" data-element_type=\"section\" data-e-type=\"section\">\n\t\t\t\t\t\t<div class=\"elementor-container elementor-column-gap-no\">\n\t\t\t\t\t<div class=\"elementor-column elementor-col-100 elementor-top-column elementor-element elementor-element-828de51\" data-id=\"828de51\" data-element_type=\"column\" data-e-type=\"column\">\n\t\t\t<div class=\"elementor-widget-wrap elementor-element-populated\">\n\t\t\t\t\t\t<div class=\"elementor-element elementor-element-45b49b3 elementor-widget elementor-widget-ova_heading\" data-id=\"45b49b3\" data-element_type=\"widget\" data-e-type=\"widget\" data-widget_type=\"ova_heading.default\">\n\t\t\t\t<div class=\"elementor-widget-container\">\n\t\t\t\t\t\t\t<div class=\"ova-heading version_1\">\n\t\t\t\t\t\t\t\t\t\t<h3 class=\"heading-title second_font\">Alianzas<\/h3>\n\t\t\t\t\t\t\t\t\t\t<div class=\"content\">\n\t\t\t\t\t<p class=\"font_8\">Desde 1995 muchos han sido los esfuerzos y voluntades que se han sumado para apoyar la educaci\u00f3n de mujeres oaxaque\u00f1as.<\/p>\t\t\t\t<\/div>\n\t\t\t\t\t<\/div>\n\t\t\t\t\t\t<\/div>\n\t\t\t\t<\/div>\n\t\t\t\t<div class=\"elementor-element elementor-element-639850f elementor-widget elementor-widget-text-editor\" data-id=\"639850f\" data-element_type=\"widget\" data-e-type=\"widget\" data-widget_type=\"text-editor.default\">\n\t\t\t\t<div class=\"elementor-widget-container\">\n\t\t\t\t\t\t\t\t\t<p>Gracias a distintas empresas, instituciones, dependencias gubernamentales, personas y organizaciones de la sociedad civil, ha sido posible brindar a las becarias del Fondo Guadalupe Musalem A. C., adem\u00e1s de la beca econ\u00f3mica, atenci\u00f3n integral a su educaci\u00f3n as\u00ed como bienestar f\u00edsico y emocional. A todas ellas nuestro agradecimiento:<\/p><p>\u00a0<\/p>\t\t\t\t\t\t\t\t<\/div>\n\t\t\t\t<\/div>\n\t\t\t\t<div class=\"elementor-element elementor-element-f9144a3 elementor-widget elementor-widget-video\" data-id=\"f9144a3\" data-element_type=\"widget\" data-e-type=\"widget\" data-settings=\"{&quot;youtube_url&quot;:&quot;https:\\\/\\\/www.youtube.com\\\/watch?v=AF95sntTSB0&amp;t=2s&quot;,&quot;video_type&quot;:&quot;youtube&quot;,&quot;controls&quot;:&quot;yes&quot;}\" data-widget_type=\"video.default\">\n\t\t\t\t<div class=\"elementor-widget-container\">\n\t\t\t\t\t\t\t<div class=\"elementor-wrapper elementor-open-inline\">\n\t\t\t<div class=\"elementor-video\"><\/div>\t\t<\/div>\n\t\t\t\t\t\t<\/div>\n\t\t\t\t<\/div>\n\t\t\t\t\t<\/div>\n\t\t<\/div>\n\t\t\t\t\t<\/div>\n\t\t<\/section>\n\t\t\t\t<section class=\"elementor-section elementor-top-section elementor-element elementor-element-5011517 elementor-section-boxed elementor-section-height-default elementor-section-height-default\" data-id=\"5011517\" data-element_type=\"section\" data-e-type=\"section\">\n\t\t\t\t\t\t<div class=\"elementor-container elementor-column-gap-default\">\n\t\t\t\t\t<div class=\"elementor-column elementor-col-25 elementor-top-column elementor-element elementor-element-1893b91\" data-id=\"1893b91\" data-element_type=\"column\" data-e-type=\"column\">\n\t\t\t<div class=\"elementor-widget-wrap elementor-element-populated\">\n\t\t\t\t\t\t<div class=\"elementor-element elementor-element-5e48bef elementor-widget elementor-widget-image\" data-id=\"5e48bef\" data-element_type=\"widget\" data-e-type=\"widget\" data-widget_type=\"image.default\">\n\t\t\t\t<div class=\"elementor-widget-container\">\n\t\t\t\t\t\t\t\t\t\t\t\t\t\t\t<img fetchpriority=\"high\" decoding=\"async\" width=\"251\" height=\"229\" src=\"https:\/\/fondoguadalupemusalem.org\/wp-content\/uploads\/2019\/05\/New-CANFRO-Logo.jpg\" class=\"attachment-large size-large wp-image-5989\" alt=\"\" \/>\t\t\t\t\t\t\t\t\t\t\t\t\t\t\t<\/div>\n\t\t\t\t<\/div>\n\t\t\t\t<div class=\"elementor-element elementor-element-428ec25 elementor-widget elementor-widget-image\" data-id=\"428ec25\" data-element_type=\"widget\" data-e-type=\"widget\" data-widget_type=\"image.default\">\n\t\t\t\t<div class=\"elementor-widget-container\">\n\t\t\t\t\t\t\t\t\t\t\t\t\t\t\t<img decoding=\"async\" width=\"282\" height=\"179\" src=\"https:\/\/fondoguadalupemusalem.org\/wp-content\/uploads\/2026\/01\/download.png\" class=\"attachment-1536x1536 size-1536x1536 wp-image-5991\" alt=\"\" \/>\t\t\t\t\t\t\t\t\t\t\t\t\t\t\t<\/div>\n\t\t\t\t<\/div>\n\t\t\t\t\t<\/div>\n\t\t<\/div>\n\t\t\t\t<div class=\"elementor-column elementor-col-25 elementor-top-column elementor-element elementor-element-0628bc7\" data-id=\"0628bc7\" data-element_type=\"column\" data-e-type=\"column\">\n\t\t\t<div class=\"elementor-widget-wrap elementor-element-populated\">\n\t\t\t\t\t\t<div class=\"elementor-element elementor-element-afdbc06 elementor-widget elementor-widget-image\" data-id=\"afdbc06\" data-element_type=\"widget\" data-e-type=\"widget\" data-widget_type=\"image.default\">\n\t\t\t\t<div class=\"elementor-widget-container\">\n\t\t\t\t\t\t\t\t\t\t\t\t\t\t\t<img decoding=\"async\" width=\"425\" height=\"336\" src=\"https:\/\/fondoguadalupemusalem.org\/wp-content\/uploads\/2019\/05\/327363210_1363418344432414_218277142218853684_n.jpg\" class=\"attachment-large size-large wp-image-5987\" alt=\"\" srcset=\"https:\/\/fondoguadalupemusalem.org\/wp-content\/uploads\/2019\/05\/327363210_1363418344432414_218277142218853684_n.jpg 425w, https:\/\/fondoguadalupemusalem.org\/wp-content\/uploads\/2019\/05\/327363210_1363418344432414_218277142218853684_n-300x237.jpg 300w\" sizes=\"(max-width: 425px) 100vw, 425px\" \/>\t\t\t\t\t\t\t\t\t\t\t\t\t\t\t<\/div>\n\t\t\t\t<\/div>\n\t\t\t\t<div class=\"elementor-element elementor-element-ca32b64 elementor-widget elementor-widget-image\" data-id=\"ca32b64\" data-element_type=\"widget\" data-e-type=\"widget\" data-widget_type=\"image.default\">\n\t\t\t\t<div class=\"elementor-widget-container\">\n\t\t\t\t\t\t\t\t\t\t\t\t\t\t\t<img loading=\"lazy\" decoding=\"async\" width=\"615\" height=\"300\" src=\"https:\/\/fondoguadalupemusalem.org\/wp-content\/uploads\/2026\/01\/Logo_LasQuinceLetras.png\" class=\"attachment-large size-large wp-image-5990\" alt=\"\" srcset=\"https:\/\/fondoguadalupemusalem.org\/wp-content\/uploads\/2026\/01\/Logo_LasQuinceLetras.png 615w, https:\/\/fondoguadalupemusalem.org\/wp-content\/uploads\/2026\/01\/Logo_LasQuinceLetras-300x146.png 300w, https:\/\/fondoguadalupemusalem.org\/wp-content\/uploads\/2026\/01\/Logo_LasQuinceLetras-600x293.png 600w\" sizes=\"(max-width: 615px) 100vw, 615px\" \/>\t\t\t\t\t\t\t\t\t\t\t\t\t\t\t<\/div>\n\t\t\t\t<\/div>\n\t\t\t\t\t<\/div>\n\t\t<\/div>\n\t\t\t\t<div class=\"elementor-column elementor-col-25 elementor-top-column elementor-element elementor-element-84adba9\" data-id=\"84adba9\" data-element_type=\"column\" data-e-type=\"column\">\n\t\t\t<div class=\"elementor-widget-wrap elementor-element-populated\">\n\t\t\t\t\t\t<div class=\"elementor-element elementor-element-ab070d0 elementor-widget elementor-widget-image\" data-id=\"ab070d0\" data-element_type=\"widget\" data-e-type=\"widget\" data-widget_type=\"image.default\">\n\t\t\t\t<div class=\"elementor-widget-container\">\n\t\t\t\t\t\t\t\t\t\t\t\t\t\t\t<img loading=\"lazy\" decoding=\"async\" width=\"700\" height=\"700\" src=\"https:\/\/fondoguadalupemusalem.org\/wp-content\/uploads\/2026\/01\/HomeRuns-25.png\" class=\"attachment-large size-large wp-image-5992\" alt=\"\" srcset=\"https:\/\/fondoguadalupemusalem.org\/wp-content\/uploads\/2026\/01\/HomeRuns-25.png 700w, https:\/\/fondoguadalupemusalem.org\/wp-content\/uploads\/2026\/01\/HomeRuns-25-300x300.png 300w, https:\/\/fondoguadalupemusalem.org\/wp-content\/uploads\/2026\/01\/HomeRuns-25-150x150.png 150w, https:\/\/fondoguadalupemusalem.org\/wp-content\/uploads\/2026\/01\/HomeRuns-25-600x600.png 600w, https:\/\/fondoguadalupemusalem.org\/wp-content\/uploads\/2026\/01\/HomeRuns-25-100x100.png 100w\" sizes=\"(max-width: 700px) 100vw, 700px\" \/>\t\t\t\t\t\t\t\t\t\t\t\t\t\t\t<\/div>\n\t\t\t\t<\/div>\n\t\t\t\t<div class=\"elementor-element elementor-element-2a53604 elementor-widget elementor-widget-image\" data-id=\"2a53604\" data-element_type=\"widget\" data-e-type=\"widget\" data-widget_type=\"image.default\">\n\t\t\t\t<div class=\"elementor-widget-container\">\n\t\t\t\t\t\t\t\t\t\t\t\t\t\t\t<img loading=\"lazy\" decoding=\"async\" width=\"1024\" height=\"575\" src=\"https:\/\/fondoguadalupemusalem.org\/wp-content\/uploads\/2026\/01\/farmacias_similares_ayudar4_Tops_mexico_ESR-1024x575.png\" class=\"attachment-large size-large wp-image-5993\" alt=\"\" srcset=\"https:\/\/fondoguadalupemusalem.org\/wp-content\/uploads\/2026\/01\/farmacias_similares_ayudar4_Tops_mexico_ESR-1024x575.png 1024w, https:\/\/fondoguadalupemusalem.org\/wp-content\/uploads\/2026\/01\/farmacias_similares_ayudar4_Tops_mexico_ESR-300x168.png 300w, https:\/\/fondoguadalupemusalem.org\/wp-content\/uploads\/2026\/01\/farmacias_similares_ayudar4_Tops_mexico_ESR-768x431.png 768w, https:\/\/fondoguadalupemusalem.org\/wp-content\/uploads\/2026\/01\/farmacias_similares_ayudar4_Tops_mexico_ESR-600x337.png 600w, https:\/\/fondoguadalupemusalem.org\/wp-content\/uploads\/2026\/01\/farmacias_similares_ayudar4_Tops_mexico_ESR.png 1138w\" sizes=\"(max-width: 1024px) 100vw, 1024px\" \/>\t\t\t\t\t\t\t\t\t\t\t\t\t\t\t<\/div>\n\t\t\t\t<\/div>\n\t\t\t\t\t<\/div>\n\t\t<\/div>\n\t\t\t\t<div class=\"elementor-column elementor-col-25 elementor-top-column elementor-element elementor-element-db0833c\" data-id=\"db0833c\" data-element_type=\"column\" data-e-type=\"column\">\n\t\t\t<div class=\"elementor-widget-wrap elementor-element-populated\">\n\t\t\t\t\t\t<div class=\"elementor-element elementor-element-9e62919 elementor-widget elementor-widget-image\" data-id=\"9e62919\" data-element_type=\"widget\" data-e-type=\"widget\" data-widget_type=\"image.default\">\n\t\t\t\t<div class=\"elementor-widget-container\">\n\t\t\t\t\t\t\t\t\t\t\t\t\t\t\t<img loading=\"lazy\" decoding=\"async\" width=\"1024\" height=\"683\" src=\"https:\/\/fondoguadalupemusalem.org\/wp-content\/uploads\/2026\/01\/FTN-case-study-f1-02-crop-1024x683.jpg\" class=\"attachment-large size-large wp-image-5994\" alt=\"\" srcset=\"https:\/\/fondoguadalupemusalem.org\/wp-content\/uploads\/2026\/01\/FTN-case-study-f1-02-crop-1024x683.jpg 1024w, https:\/\/fondoguadalupemusalem.org\/wp-content\/uploads\/2026\/01\/FTN-case-study-f1-02-crop-300x200.jpg 300w, https:\/\/fondoguadalupemusalem.org\/wp-content\/uploads\/2026\/01\/FTN-case-study-f1-02-crop-768x512.jpg 768w, https:\/\/fondoguadalupemusalem.org\/wp-content\/uploads\/2026\/01\/FTN-case-study-f1-02-crop-1536x1024.jpg 1536w, https:\/\/fondoguadalupemusalem.org\/wp-content\/uploads\/2026\/01\/FTN-case-study-f1-02-crop-2048x1366.jpg 2048w, https:\/\/fondoguadalupemusalem.org\/wp-content\/uploads\/2026\/01\/FTN-case-study-f1-02-crop-600x400.jpg 600w\" sizes=\"(max-width: 1024px) 100vw, 1024px\" \/>\t\t\t\t\t\t\t\t\t\t\t\t\t\t\t<\/div>\n\t\t\t\t<\/div>\n\t\t\t\t<div class=\"elementor-element elementor-element-7ad7942 elementor-widget elementor-widget-image\" data-id=\"7ad7942\" data-element_type=\"widget\" data-e-type=\"widget\" data-widget_type=\"image.default\">\n\t\t\t\t<div class=\"elementor-widget-container\">\n\t\t\t\t\t\t\t\t\t\t\t\t\t\t\t<img loading=\"lazy\" decoding=\"async\" width=\"1024\" height=\"1024\" src=\"https:\/\/fondoguadalupemusalem.org\/wp-content\/uploads\/2026\/01\/LogoAniversarioCHDP-1024x1024.webp\" class=\"attachment-large size-large wp-image-5995\" alt=\"\" srcset=\"https:\/\/fondoguadalupemusalem.org\/wp-content\/uploads\/2026\/01\/LogoAniversarioCHDP-1024x1024.webp 1024w, https:\/\/fondoguadalupemusalem.org\/wp-content\/uploads\/2026\/01\/LogoAniversarioCHDP-300x300.webp 300w, https:\/\/fondoguadalupemusalem.org\/wp-content\/uploads\/2026\/01\/LogoAniversarioCHDP-150x150.webp 150w, https:\/\/fondoguadalupemusalem.org\/wp-content\/uploads\/2026\/01\/LogoAniversarioCHDP-768x768.webp 768w, https:\/\/fondoguadalupemusalem.org\/wp-content\/uploads\/2026\/01\/LogoAniversarioCHDP-1536x1536.webp 1536w, https:\/\/fondoguadalupemusalem.org\/wp-content\/uploads\/2026\/01\/LogoAniversarioCHDP-600x600.webp 600w, https:\/\/fondoguadalupemusalem.org\/wp-content\/uploads\/2026\/01\/LogoAniversarioCHDP-100x100.webp 100w, https:\/\/fondoguadalupemusalem.org\/wp-content\/uploads\/2026\/01\/LogoAniversarioCHDP.webp 1563w\" sizes=\"(max-width: 1024px) 100vw, 1024px\" \/>\t\t\t\t\t\t\t\t\t\t\t\t\t\t\t<\/div>\n\t\t\t\t<\/div>\n\t\t\t\t\t<\/div>\n\t\t<\/div>\n\t\t\t\t\t<\/div>\n\t\t<\/section>\n\t\t\t\t<\/div>\n\t\t","protected":false},"excerpt":{"rendered":"<p>Alianzas Desde 1995 muchos han sido los esfuerzos y voluntades que se han sumado para apoyar la educaci\u00f3n de mujeres oaxaque\u00f1as. Gracias a distintas empresas, instituciones, dependencias gubernamentales, personas y organizaciones de la sociedad civil, ha sido posible brindar a las becarias del Fondo Guadalupe Musalem A. C., adem\u00e1s de la beca econ\u00f3mica, atenci\u00f3n integral [&hellip;]<\/p>\n","protected":false},"author":1,"featured_media":0,"parent":0,"menu_order":0,"comment_status":"closed","ping_status":"closed","template":"elementor_header_footer","meta":{"give_campaign_id":0,"footnotes":""},"class_list":["post-3748","page","type-page","status-publish","hentry"],"campaignId":"","_links":{"self":[{"href":"https:\/\/fondoguadalupemusalem.org\/index.php\/wp-json\/wp\/v2\/pages\/3748","targetHints":{"allow":["GET"]}}],"collection":[{"href":"https:\/\/fondoguadalupemusalem.org\/index.php\/wp-json\/wp\/v2\/pages"}],"about":[{"href":"https:\/\/fondoguadalupemusalem.org\/index.php\/wp-json\/wp\/v2\/types\/page"}],"author":[{"embeddable":true,"href":"https:\/\/fondoguadalupemusalem.org\/index.php\/wp-json\/wp\/v2\/users\/1"}],"replies":[{"embeddable":true,"href":"https:\/\/fondoguadalupemusalem.org\/index.php\/wp-json\/wp\/v2\/comments?post=3748"}],"version-history":[{"count":40,"href":"https:\/\/fondoguadalupemusalem.org\/index.php\/wp-json\/wp\/v2\/pages\/3748\/revisions"}],"predecessor-version":[{"id":5998,"href":"https:\/\/fondoguadalupemusalem.org\/index.php\/wp-json\/wp\/v2\/pages\/3748\/revisions\/5998"}],"wp:attachment":[{"href":"https:\/\/fondoguadalupemusalem.org\/index.php\/wp-json\/wp\/v2\/media?parent=3748"}],"curies":[{"name":"wp","href":"https:\/\/api.w.org\/{rel}","templated":true}]}}